{"id":21,"date":"2020-06-01T00:00:00","date_gmt":"2020-06-01T00:00:00","guid":{"rendered":"https:\/\/kakosmrsaviti.info\/shop\/product\/formula-1-okus-cafe-latte-4465\/"},"modified":"2026-04-07T14:09:46","modified_gmt":"2026-04-07T12:09:46","slug":"formula-1-okus-cafe-latte","status":"publish","type":"product","link":"https:\/\/kakosmrsaviti.info\/shop\/product\/formula-1-okus-cafe-latte\/","title":{"rendered":"Formula 1 Shake okus Caff\u00e9 Latte \u2013 bez glutena"},"content":{"rendered":"","protected":false},"excerpt":{"rendered":"<p>Svojom savr\u0161enom mje\u0161avinom visokokvalitetnih proteina, vlakana, vitamina i minerala, Formula 1 shake je prakti\u010dno i ukusno rje\u0161enje za uravnote\u017eenu<br \/>\nprehranu. Popijte Formulu 1 kao hranjiv doru\u010dak, ru\u010dak ili ve\u010deru, kao potporu aktivnom na\u010dinu \u017eivota i ostvarenju ciljeva kontrole te\u017eine*.<br \/>\nFormula 1 shake sadr\u017ei 25 vitamina i minerala, uklju\u010duju\u0107i i vitamin D, koji doprinosi normalnoj funkciji imunolo\u0161kog sustava, kao i vitamin C, koji<br \/>\ndoprinosi smanjenju umora i iscrpljenosti. Formula 1 sadr\u017ei sastojke prikladne za vegansku prehranu, te je bez glutena i umjetnih bojila i aroma.<br \/>\nVi\u0161e ne morate birati izme\u0111u zdravih obroka i prakti\u010dnosti \u2013 Formula 1 shake se priprema brzo i jednostavno!<\/p>\n<p>Klju\u010dne prednosti<br \/>\n\u2022 222 kcal po porciji<br \/>\n\u2022 18 g proteina po porciji, doprinose pove\u0107anju mi\u0161i\u0107ne mase<br \/>\n\u2022 4 g vlakana po porciji<br \/>\n\u2022 Svaka porcija sadr\u017ei najmanje 38 % preporu\u010denog dnevnog unosa 25 vitamina i minerala, uklju\u010duju\u0107i i krom, koji poma\u017ee u odr\u017eavanju normalne razine glukoze u krvi<br \/>\n\u2022 Sastojci prikladni za vegansku prehranu, bez glutena, bez umjetnih bojila i s prirodnom aromom<\/p>\n<p>&nbsp;<\/p>\n<p><a href=\"https:\/\/kakosmrsaviti.info\/shop\/wp-content\/uploads\/2020\/06\/4465_l.png\"><img loading=\"lazy\" decoding=\"async\" class=\"alignnone wp-image-1451 size-large\" src=\"https:\/\/kakosmrsaviti.info\/shop\/wp-content\/uploads\/2020\/06\/4465_l-1024x538.png\" alt=\"\" width=\"1024\" height=\"538\" srcset=\"https:\/\/kakosmrsaviti.info\/shop\/wp-content\/uploads\/2020\/06\/4465_l-1024x538.png 1024w, https:\/\/kakosmrsaviti.info\/shop\/wp-content\/uploads\/2020\/06\/4465_l-600x315.png 600w, https:\/\/kakosmrsaviti.info\/shop\/wp-content\/uploads\/2020\/06\/4465_l-300x158.png 300w, https:\/\/kakosmrsaviti.info\/shop\/wp-content\/uploads\/2020\/06\/4465_l-768x404.png 768w, https:\/\/kakosmrsaviti.info\/shop\/wp-content\/uploads\/2020\/06\/4465_l.png 1436w\" sizes=\"auto, (max-width: 1024px) 100vw, 1024px\" \/><\/a><\/p>\n","protected":false},"featured_media":22,"comment_status":"closed","ping_status":"closed","template":"","meta":[],"product_brand":[],"product_cat":[18],"product_tag":[],"class_list":{"0":"post-21","1":"product","2":"type-product","3":"status-publish","4":"has-post-thumbnail","6":"product_cat-osnovna-prehrana-formula-1","8":"first","9":"instock","10":"shipping-taxable","11":"purchasable","12":"product-type-simple"},"_links":{"self":[{"href":"https:\/\/kakosmrsaviti.info\/shop\/wp-json\/wp\/v2\/product\/21","targetHints":{"allow":["GET"]}}],"collection":[{"href":"https:\/\/kakosmrsaviti.info\/shop\/wp-json\/wp\/v2\/product"}],"about":[{"href":"https:\/\/kakosmrsaviti.info\/shop\/wp-json\/wp\/v2\/types\/product"}],"replies":[{"embeddable":true,"href":"https:\/\/kakosmrsaviti.info\/shop\/wp-json\/wp\/v2\/comments?post=21"}],"wp:featuredmedia":[{"embeddable":true,"href":"https:\/\/kakosmrsaviti.info\/shop\/wp-json\/wp\/v2\/media\/22"}],"wp:attachment":[{"href":"https:\/\/kakosmrsaviti.info\/shop\/wp-json\/wp\/v2\/media?parent=21"}],"wp:term":[{"taxonomy":"product_brand","embeddable":true,"href":"https:\/\/kakosmrsaviti.info\/shop\/wp-json\/wp\/v2\/product_brand?post=21"},{"taxonomy":"product_cat","embeddable":true,"href":"https:\/\/kakosmrsaviti.info\/shop\/wp-json\/wp\/v2\/product_cat?post=21"},{"taxonomy":"product_tag","embeddable":true,"href":"https:\/\/kakosmrsaviti.info\/shop\/wp-json\/wp\/v2\/product_tag?post=21"}],"curies":[{"name":"wp","href":"https:\/\/api.w.org\/{rel}","templated":true}]}}