{"id":1505,"date":"2020-06-08T19:38:34","date_gmt":"2020-06-08T19:38:34","guid":{"rendered":"https:\/\/kakosmrsaviti.info\/shop\/?post_type=product&#038;p=1505"},"modified":"2022-12-30T23:20:41","modified_gmt":"2022-12-30T22:20:41","slug":"maska-za-ciscenje-koze-s-metvicom-i-glinom","status":"publish","type":"product","link":"https:\/\/kakosmrsaviti.info\/shop\/product\/maska-za-ciscenje-koze-s-metvicom-i-glinom\/","title":{"rendered":"Maska za \u010di\u0161\u0107enje ko\u017ee s metvicom i glinom"},"content":{"rendered":"","protected":false},"excerpt":{"rendered":"<p><strong>Zahvaljuju\u0107i upijaju\u0107im i toniziraju\u0107im svojstvima bentonitne gline ova bogata, kremasta maska uklanja ne\u010disto\u0107u i apsorbira prekomjernu masno\u0107u s ko\u017ee.<\/strong><\/p>\n<ul>\n<li>Klini\u010dka ispitivanja pokazala su smanjenje pora nakon samo jedne uporabe.*<\/li>\n<li>Decentan miris zelene metvice i ru\u017emarina daju osje\u0107aj ugode.<\/li>\n<li>Ko\u017eu priprema za bolje iskori\u0161tavanje blagodati na\u0161ih seruma i hidratantnih preparata.<\/li>\n<li>Prikladna za sve tipove ko\u017ee.<\/li>\n<li>Bez dodanih parabena. Dermatolo\u0161ki ispitana.<\/li>\n<\/ul>\n<p><strong>Ekskluzivno formulirana, sadr\u017ei:<\/strong><br \/>\nVitamin B3, antioksidantne vitamine C i E, aloju veru, bentonitnu glinu, ulje lista ru\u017emarina, ulje zelene metvice.<\/p>\n<p>* Ispitano promatranjem veli\u010dine pora kod ispitanika stru\u010dnom vizualnom ocjenom neposredno nakon primjene. Prosje\u010dno pobolj\u0161anje neposredno nakon primjene bilo je 35%.<\/p>\n<p>&nbsp;<\/p>\n<p>*Herbalife proizvodi nisu lijekovi i ne koriste se za lije\u010denje.<br \/>\n*Herbalife proizvodi su isklju\u010divo prehrambeni proizvodi i dodaci prehrani<\/p>\n","protected":false},"featured_media":1506,"comment_status":"closed","ping_status":"closed","template":"","meta":[],"product_brand":[],"product_cat":[16],"product_tag":[],"class_list":{"0":"post-1505","1":"product","2":"type-product","3":"status-publish","4":"has-post-thumbnail","6":"product_cat-herbalife-aloe-linija","8":"first","9":"instock","10":"shipping-taxable","11":"purchasable","12":"product-type-simple"},"_links":{"self":[{"href":"https:\/\/kakosmrsaviti.info\/shop\/wp-json\/wp\/v2\/product\/1505","targetHints":{"allow":["GET"]}}],"collection":[{"href":"https:\/\/kakosmrsaviti.info\/shop\/wp-json\/wp\/v2\/product"}],"about":[{"href":"https:\/\/kakosmrsaviti.info\/shop\/wp-json\/wp\/v2\/types\/product"}],"replies":[{"embeddable":true,"href":"https:\/\/kakosmrsaviti.info\/shop\/wp-json\/wp\/v2\/comments?post=1505"}],"wp:featuredmedia":[{"embeddable":true,"href":"https:\/\/kakosmrsaviti.info\/shop\/wp-json\/wp\/v2\/media\/1506"}],"wp:attachment":[{"href":"https:\/\/kakosmrsaviti.info\/shop\/wp-json\/wp\/v2\/media?parent=1505"}],"wp:term":[{"taxonomy":"product_brand","embeddable":true,"href":"https:\/\/kakosmrsaviti.info\/shop\/wp-json\/wp\/v2\/product_brand?post=1505"},{"taxonomy":"product_cat","embeddable":true,"href":"https:\/\/kakosmrsaviti.info\/shop\/wp-json\/wp\/v2\/product_cat?post=1505"},{"taxonomy":"product_tag","embeddable":true,"href":"https:\/\/kakosmrsaviti.info\/shop\/wp-json\/wp\/v2\/product_tag?post=1505"}],"curies":[{"name":"wp","href":"https:\/\/api.w.org\/{rel}","templated":true}]}}