{"id":1412,"date":"2020-06-07T19:24:57","date_gmt":"2020-06-07T19:24:57","guid":{"rendered":"https:\/\/kakosmrsaviti.info\/shop\/?post_type=product&#038;p=1412"},"modified":"2026-04-07T13:35:35","modified_gmt":"2026-04-07T11:35:35","slug":"formula-1-shake-okus-cookie-crunch","status":"publish","type":"product","link":"https:\/\/kakosmrsaviti.info\/shop\/product\/formula-1-shake-okus-cookie-crunch\/","title":{"rendered":"Formula 1 Shake okus Cookie Crunch (NOVI OKUS) \u2013 bez glutena"},"content":{"rendered":"","protected":false},"excerpt":{"rendered":"<p>Ovaj zamjenski shake prikladan je za vegansku prehranu, bogat je proteinima koji poma\u017eu u odr\u017eavanju i pove\u0107anju mi\u0161i\u0107ne mase, te sadr\u017ei savr\u0161eno uravnote\u017eene koli\u010dine vitamina, minerala i masti. Formula 1 sadr\u017ei visokokvalitetne proteine soje, vlakna, vitamine i minerale, \u0161to je \u010dini prakti\u010dnim i ukusnim rje\u0161enjem za uravnote\u017eenu prehranu.<br \/>\nPopijte Formulu 1 shake kao hranjiv doru\u010dak, ru\u010dak ili ve\u010deru, kao potporu aktivnom na\u010dinu \u017eivota i ostvarenju ciljeva kontrole te\u017eine*.<br \/>\nFormula 1 shake sadr\u017ei 25 vitamina i minerala, uklju\u010duju\u0107i i vitamin D, koji doprinosi normalnoj funkciji imunolo\u0161kog sustava, kao i vitamin C, koji doprinosi smanjenju umora<br \/>\ni iscrpljenosti. Formula 1 sadr\u017ei sastojke prikladne za vegansku prehranu, te je bez glutena i umjetnih bojila. Vi\u0161e ne morate birati izme\u0111u zdravih obroka i prakti\u010dnosti \u2013 Formula 1 shake se priprema brzo i jednostavno!<\/p>\n<p><a href=\"https:\/\/kakosmrsaviti.info\/shop\/wp-content\/uploads\/2020\/06\/4467_l.png\"><img loading=\"lazy\" decoding=\"async\" class=\"alignnone wp-image-1414 size-large\" src=\"https:\/\/kakosmrsaviti.info\/shop\/wp-content\/uploads\/2020\/06\/4467_l-1024x541.png\" alt=\"\" width=\"1024\" height=\"541\" srcset=\"https:\/\/kakosmrsaviti.info\/shop\/wp-content\/uploads\/2020\/06\/4467_l-1024x541.png 1024w, https:\/\/kakosmrsaviti.info\/shop\/wp-content\/uploads\/2020\/06\/4467_l-600x317.png 600w, https:\/\/kakosmrsaviti.info\/shop\/wp-content\/uploads\/2020\/06\/4467_l-300x159.png 300w, https:\/\/kakosmrsaviti.info\/shop\/wp-content\/uploads\/2020\/06\/4467_l-768x406.png 768w, https:\/\/kakosmrsaviti.info\/shop\/wp-content\/uploads\/2020\/06\/4467_l.png 1434w\" sizes=\"auto, (max-width: 1024px) 100vw, 1024px\" \/><\/a><\/p>\n","protected":false},"featured_media":1413,"comment_status":"closed","ping_status":"closed","template":"","meta":[],"product_brand":[],"product_cat":[18],"product_tag":[],"class_list":{"0":"post-1412","1":"product","2":"type-product","3":"status-publish","4":"has-post-thumbnail","6":"product_cat-osnovna-prehrana-formula-1","8":"first","9":"instock","10":"shipping-taxable","11":"purchasable","12":"product-type-simple"},"_links":{"self":[{"href":"https:\/\/kakosmrsaviti.info\/shop\/wp-json\/wp\/v2\/product\/1412","targetHints":{"allow":["GET"]}}],"collection":[{"href":"https:\/\/kakosmrsaviti.info\/shop\/wp-json\/wp\/v2\/product"}],"about":[{"href":"https:\/\/kakosmrsaviti.info\/shop\/wp-json\/wp\/v2\/types\/product"}],"replies":[{"embeddable":true,"href":"https:\/\/kakosmrsaviti.info\/shop\/wp-json\/wp\/v2\/comments?post=1412"}],"wp:featuredmedia":[{"embeddable":true,"href":"https:\/\/kakosmrsaviti.info\/shop\/wp-json\/wp\/v2\/media\/1413"}],"wp:attachment":[{"href":"https:\/\/kakosmrsaviti.info\/shop\/wp-json\/wp\/v2\/media?parent=1412"}],"wp:term":[{"taxonomy":"product_brand","embeddable":true,"href":"https:\/\/kakosmrsaviti.info\/shop\/wp-json\/wp\/v2\/product_brand?post=1412"},{"taxonomy":"product_cat","embeddable":true,"href":"https:\/\/kakosmrsaviti.info\/shop\/wp-json\/wp\/v2\/product_cat?post=1412"},{"taxonomy":"product_tag","embeddable":true,"href":"https:\/\/kakosmrsaviti.info\/shop\/wp-json\/wp\/v2\/product_tag?post=1412"}],"curies":[{"name":"wp","href":"https:\/\/api.w.org\/{rel}","templated":true}]}}